/((-2)/2) composite?
False
Let n(o) = 424*o**2 + 11*o + 44. Let h be n(-5). Suppose -7*c + 8*c - h = 0. Is c a prime number?
True
Suppose 2*l - 797559 = -3*m, 0 = 133*l - 130*l + 9. Is m composite?
True
Let t(j) = 197*j + 533. Is t(14) composite?
True
Let d = -5658 + 15428. Suppose 6*r - 7912 = d. Is r a composite number?
True
Suppose -2*u + 35 = -5*b, 4*u = -b - b + 34. Suppose -u*w - 5*w = 0. Suppose -r + 7*r - 2958 = w. Is r a prime number?
False
Let q(a) = -a**3 - 3*a**2 + 9*a. Let r be q(6). Let j be (368/6 - 2)*r/(-20). Suppose -u - 33 + 190 = 2*c, -2*c = 5*u - j. Is u prime?
False
Let g = -20982 + 22161. Suppose -t + 3*t + 318 = -2*w, -478 = 3*t + 4*w. Let q = g - t. Is q a composite number?
True
Let v(n) = -43*n + 36. Let w(r) = 61 - 112 + 10*r + 76. Let p be w(-3). Is v(p) a prime number?
True
Is ((-8)/14 + (-33)/(-21))*(-10 - -15793) prime?
False
Let v(s) = 6*s. Let p(l) = 6867*l - 133. Let x(h) = -p(h) - 7*v(h). Is x(-4) a prime number?
False
Let d(x) = x**2 - 28*x + 1. Let h be d(28). Is 3736 - -23 - (h + -5) composite?
True
Let n be (-1 - 12/(-15)) + 7642/10. Suppose -15*v - 1135 = -20*v. Let m = n + v. Is m a composite number?
False
Suppose 85510 - 417031 = -11*p + 183356. Is p a composite number?
False
Suppose -2*j + j = 5*v + 69725, -55764 = 4*v + 4*j. Let t = v + 24793. Is t composite?
False
Is -186541*-2*(45/(-6) - -8) a prime number?
False
Let n be 2 - (6/(-10) - (-171)/(-15)). Let o be 6306/21 - 4/n. Suppose 2129 = q - o. Is q a composite number?
True
Let r(y) = 3*y - 5. Let o(b) = -4*b + 4. Let l(i) = 4*o(i) + 5*r(i). Let h be l(-6). Is -2 - (h/(-6))/(1/(-878)) prime?
False
Let u(d) be the second derivative of 17*d**4/2 - 9*d**3 + 53*d**2/2 - 25*d + 6. Is u(14) composite?
False
Let b be (5 + 35/(-7))/(1 - -2). Suppose b = 16*c - 17*c + 1101. Is c a composite number?
True
Let q = -194 - -1552. Suppose 0 = 2*k + q - 15340. Is k composite?
False
Let u be 4/(-18) + ((-50460)/(-27))/4. Let j = 4161 - u. Let c = 6423 - j. Is c a prime number?
True
Let z(h) = -h**2 - 28*h + 25. Let m be 30/(-70) + (-675)/(-7). Suppose 4*d = -4*v - m, 0*v + 3*v - 2*d = -72. Is z(v) a prime number?
False
Suppose -2*c + 10*m - 5*m = -45874, 4 = -m. Suppose -c = 7*d - 83526. Is d a composite number?
True
Let u(z) = -z**2 + 7*z + 22. Let j be u(8). Let x(g) be the second derivative of 25*g**3/3 + 17*g**2/2 + 5*g. Is x(j) a prime number?
False
Let g(k) = -k**3 - k**2 - k - 4. Let m be (-5 - -1)*13/26. Let n be g(m). Suppose 284 = 4*v + n*x - 72, -20 = 5*x. Is v a composite number?
True
Let b(o) = o**3 + o - 238. Let p be b(0). Let c = 282 - p. Suppose -f = 7*f - c. Is f a composite number?
True
Let b be 3/6*0 + 5135. Suppose 5*h + b = 16630. Suppose -4*k + h = -3*q, 4*k + q - 3552 + 1241 = 0. Is k a prime number?
True
Let f(d) = -4*d**3 + 1. Let s be f(-1). Let t be 10/(-5) - (3 - 3 - 1870). Suppose -x = -s*x + t. Is x composite?
False
Let v = 41902 - 24195. Is v prime?
True
Let s(l) = 2*l**3 + 107*l**2 - 107*l + 527. Is s(-54) a prime number?
True
Let c(v) = 6*v**3 + 6*v**2 - v + 491707. Is c(0) composite?
False
Let p(u) = -2*u - 13. Let o be p(-12). Suppose o*l - 17 = 5. Suppose -5*r + 1272 + 719 = 2*y, 0 = -l*y - 4*r + 1990. Is y a composite number?
True
Let u = -82109 - -137286. Suppose -91954 = -5*s - n, 0 = 3*s - 8*n + 4*n - u. Is s prime?
False
Suppose -19 + 99 = 10*k. Is (-11)/(220/(-100125)) + (-2)/k a composite number?
True
Let d(k) = 29*k**2 + 3 + 10*k**2 + 3*k + 10 + 63*k**2 - 43*k**2. Is d(-3) composite?
True
Suppose d - 358779 = 4*r, 2*d - 3*r - 717598 = -0*r. Is d prime?
True
Let n(f) = 52591*f**2 - 29*f + 95. Is n(3) a prime number?
True
Suppose -7*f - 363 = -2099. Let k = f - -3165. Is k a prime number?
True
Let d be (-4)/4*222/(-3). Let l = d + -72. Suppose i + 4*w - 1695 = 0, 2*i + 807 - 4237 = l*w. Is i a composite number?
True
Suppose -2*r + 3*a + 87358 = 0, r - 2*a - 2*a = 43679. Suppose 9*k - r + 5276 = 0. Is k a prime number?
False
Suppose 0 = -11*b + 26*b - 375. Suppose 0 = 37*f - b*f - 27372. Is f composite?
False
Let v(n) = -n**3 - 23*n**2 - 34*n - 57. Let f be v(-23). Suppose f = 5*g - 740. Is g composite?
False
Is 127437 + (-25 - -6) + 11 a prime number?
False
Let r(k) = 28*k**2 - 11*k + 8. Suppose 0 = 8*t - 119 - 1. Is r(t) composite?
False
Let s = 1467687 - 772260. Is s a composite number?
True
Suppose -388*k = -393*k + 598265. Is k a prime number?
True
Suppose 3*o + 18 = 0, 5*o + 3109 = -124*s + 125*s. Is s prime?
True
Let i(d) = -d**3 + 2*d - 34. Let x be i(0). Let g = -20 - x. Let b(l) = l**3 - 14*l**2 - l + 17. Is b(g) composite?
False
Suppose -5*a = 5*f - 36785, 2*f = -3*a + 6189 + 8522. Suppose 4*u - f - 1036 = 0. Is u a prime number?
True
Suppose -5*s = -5*z - 0*s + 5, 3*z - 2*s - 2 = 0. Suppose -12*c + 13*c - 3 = z. Let f(h) = 49*h**2 - 17*h + 1. Is f(c) prime?
False
Let m(f) = -46235*f - 28. Let p be m(-4). Suppose 0 = -15*v + p - 1567. Is v a composite number?
True
Let g be 8/5*(10 - 0). Suppose 15*n = g*n - 5. Suppose -n*p = 5*l - 4*p - 786, 4*p - 318 = -2*l. Is l a prime number?
True
Suppose 5*f - 223793 = 4*j, -23*f = -25*f + 3*j + 89513. Is f a composite number?
True
Let s = 44834 + 23400. Suppose 26*h = 3*a + 29*h - 102378, -4*h = -2*a + s. Is a composite?
False
Let j(y) = -11*y - 34. Let l be j(-8). Let v = l + -53. Is -1*(v - -820)*(1 + -2) a prime number?
True
Is 4/(-14) - 41565/(-21) composite?
False
Let f(p) = -352*p + 2170. Is f(-132) a composite number?
True
Let q be (-10)/15 + (-46)/3 - -4. Let v be 10/4*(q/(-4) + -1). Suppose 0*z + 745 = v*z. Is z a prime number?
True
Let f(v) = v**2 - 8*v + 15. Let w = 65 - 60. Let p be f(w). Suppose -5*s = -2*o + 1169, -s - 2 + 3 = p. Is o a composite number?
False
Let i be (-306)/(-85) + 4/10. Suppose -4*v = -6*v - i*n - 4, -2*n + 22 = -2*v. Is 1 + v/7 + (-123276)/(-42) composite?
True
Let m = 199 - 151. Is (-4)/(m/(-18087)) - (-5)/(-20) a composite number?
True
Let t(j) = -512*j + 517. Is t(-8) composite?
True
Let c = 770 + -530. Let q = -2567 + 3042. Let h = q - c. Is h a prime number?
False
Let i = 10077 + -2436. Suppose 4*b - 3*a - 23521 - i = 0, -5*a - 7799 = -b. Is b prime?
True
Let z(t) = t**2 + 4*t - 6. Let y be z(-3). Is (-3)/y*(0 + 1347) a composite number?
False
Let n(c) = 3*c**3 - 21*c**2 - 23*c - 20. Let a(t) = -2*t**2 + 12*t + 1. Let m be a(6). Let s be ((102/8)/m)/((-81)/(-108)). Is n(s) a composite number?
True
Suppose 71*a - 50*a - 7899682 = -77*a. Is a composite?
True
Let b(u) = 362*u - 27. Let t(o) = -2. Let c(k) = b(k) + 3*t(k). Is c(17) a composite number?
False
Suppose -2*o + 472494 = 2*z - 736038, -3*z = 5*o - 1812808. Is z prime?
False
Let u = 278 + -272. Is ((-424)/(-12))/(u/1899) composite?
True
Let n(p) = 3*p**2 - 2*p - 8184. Let b(y) = 4*y**2 - y - 8185. Let g(x) = 2*b(x) - 3*n(x). Let z be g(0). Let m = -4931 + z. Is m a prime number?
True
Suppose 0 = -3*s + 15, -3*s - 11 = 4*n - 34. Suppose 4934 = n*c + 2*r, -4*r = c - 325 - 2127. Let p = c + -1075. Is p prime?
False
Suppose -2*p + 4*p - 20 = -3*t, 4*t - 28 = -2*p. Let z(k) = 200*k + 81. Is z(t) a composite number?
True
Suppose 0 = 5*u - 3*l - 668854, -3*u - 4*l = -525891 + 124596. Is u a composite number?
False
Suppose 792676 = -7509*p + 7577*p. Is p prime?
True
Let q(f) = f - 3. Let a(g) = g - 5. Let i(k) = 5*a(k) - 8*q(k). Let j be i(2). Is (-64315)/(-35) - 3/j composite?
True
Let t(d) = 62*d**2 + 5*d - 2. Suppose h + h - 86 = 0. Let p = h + -46. Is t(p) a composite number?
False
Let s be 12/(-20)*-5 - 48. Let i = s - -46. Is i/((-3372)/844 - -4) a prime number?
True
Suppose 4*g + 2*g = 18. Suppose w = -g*w + 27620. Is w composite?
True
Is (-91 + -306)/(1/(-67)) a composite number?
True
Let w(p) = -14*p**2 + 19*p + 5. Let c(x) = -43*x**2 + 57*x + 14. Let a(t) = 4*c(t) - 11*w(t). Let j be a(-6). Let f = j - -1402. Is f a prime number?
True
Let d(r) = -1. Let n(g) = 2*g + 8. Let m(x) = 10*d(x) + n(x). Let z be m(3). Suppose z*i = 2*i - 2, 0 = -4*c + 4*i + 2600. Is c a prime number?
False
Let c(w) = 2*w**2 + 19*w + 11. Let v be c(-9). Suppose -5*d + 4*f + 10995 = 0, -3*d + 4396 = -d - v*f. Is d a composite number?
False
Let d(h) = -h - h + 3*h - 18. Let z be d(8). Is 215 - 5/z*-8 a composite number?
False
Let s(l) = 3*l**3 - l**2 + 3*l - 4. Let d be s(4). Suppose -d = -0*j - 2*